 common factor of n and 28.
4
Let i(k) = k**2 + 6*k + 9. Let d be i(-4). What is the greatest common divisor of 1 and d?
1
Let z(h) = -97*h + 1. Let w be z(-2). Suppose -65 - w = -3*n - 4*o, -5*n + 375 = -5*o. What is the highest common divisor of n and 10?
10
Suppose 0 = 4*g - 2 - 18, 45 = 3*z - 3*g. What is the greatest common divisor of 140 and z?
20
Suppose -30*m + 50 = -29*m. Calculate the highest common factor of m and 10.
10
Let s(j) = -j**2 - 13*j - 29. Let y be s(-9). What is the greatest common factor of y and 1?
1
Let f = -4 - -26. Let n = 125 + -70. Calculate the highest common divisor of f and n.
11
Let l(n) = 5*n. Suppose 4 - 1 = 3*f. Let a = 4 + f. Let o be l(a). Calculate the greatest common factor of 5 and o.
5
Let k(q) = -27*q - 1. Let s be k(-3). Calculate the highest common factor of 20 and s.
20
Let s = 2 + 5. Let k = 10 - s. Suppose k*b = 2*o + 34, 5*b + o - 15 = 33. Calculate the highest common factor of 20 and b.
10
Let f(n) = 4*n**2 - 7*n**2 - 2*n + 2*n**2 + 13*n - 13. Let q be f(9). Calculate the highest common factor of q and 20.
5
Let h = 10 - 7. Calculate the highest common divisor of 6 and h.
3
Let a = 333 + -228. What is the greatest common factor of 21 and a?
21
Let q(j) = 2*j**2 - 19*j + 43. Let r(s) = s**2 - 9*s + 22. Let z(b) = 3*q(b) - 5*r(b). Let o be z(13). Calculate the highest common divisor of o and 8.
8
Let f be 7 - 0/((-15)/(-3)). What is the greatest common divisor of 56 and f?
7
Let n be 3/6 + 177/6. Calculate the greatest common factor of n and 12.
6
Let r(j) = -7*j + 6*j**2 + 6*j - 2*j. Let g be r(2). Calculate the highest common factor of 126 and g.
18
Suppose 3*a - 14 = 2*a. What is the highest common factor of a and 98?
14
Suppose 17 = b + 3*o - 54, 0 = 4*b + 2*o - 234. Let y be 0 - 3 - (-29 + 6). Suppose -12 = -4*z + y. Calculate the greatest common divisor of z and b.
8
Let k(i) = -4*i + 105. Let f be k(26). Calculate the highest common divisor of f and 27.
1
Suppose -34 = 7*r - 153. What is the greatest common factor of r and 119?
17
Let s be 4/(-10) + (-304)/(-10). Let m(u) = 7*u - 8. Let p be m(4). What is the greatest common factor of s and p?
10
Let c(a) = a + 17. Let t be c(-8). What is the greatest common factor of t and 27?
9
Let j = -141 + 240. Suppose -3*h - 3*t + 4*t = -34, 5*h - 3*t - 58 = 0. Calculate the highest common factor of h and j.
11
Let x be 1/((-2)/(-16)) - 0. Let b = x - 5. Suppose 2*z - 44 = 5*v - b, 0 = -3*z - 2*v + 33. Calculate the greatest common factor of z and 104.
13
Let o be (24/9)/(6/45). Suppose 6*g - 2*g = o. Calculate the highest common divisor of g and 15.
5
Let f(w) = -w**2 + w + 3. Let m be f(0). Suppose 2*q - q = m. Calculate the highest common divisor of 1 and q.
1
Suppose 0*t - 49 = -t. What is the highest common divisor of t and 7?
7
Suppose -4*k + x + x = -388, 3*k - 5*x = 277. Calculate the greatest common divisor of k and 9.
9
Suppose 9 = 3*b + 6. Let j(y) = y**2 - 4*y + 6. Let f be j(4). Let w = 17 - f. Calculate the greatest common factor of w and b.
1
Let x be (-805)/(-20) + -1*1/4. Let z(c) = 2*c**2 + c. Let i be z(2). Calculate the greatest common factor of i and x.
10
Suppose -3*c + 136 - 16 = 0. Calculate the highest common factor of c and 8.
8
Suppose 5*x + 4*i - 30 = -i, 0 = -3*x + 5*i + 26. Let q(k) = -3*k + 4*k - 3 + 5. Let v be q(5). Calculate the highest common divisor of v and x.
7
Let a = 96 - 52. Let y be -3 + (69 - -3) + -3. Calculate the greatest common factor of y and a.
22
Suppose 146 = s - 41. What is the highest common divisor of s and 17?
17
Suppose 2*f - 2*k = 4*f, -14 = -2*f + 5*k. Let m be f/(-4)*(-102)/3. Calculate the greatest common divisor of 17 and m.
17
Let l(m) = m + 24. Let n be l(-12). Calculate the highest common divisor of 3 and n.
3
Let l(c) = -c**3 - 5*c**2 + c + 2. Let w be -15 + -2 + 2/2. Let v = 10 + w. Let u be l(v). Calculate the greatest common factor of u and 8.
8
Let y(j) = -j**3 - 2*j**2 - 3*j - 1. Let b be y(-2). Suppose 3*p + 8 = 2*r - b, 3*p = -3. What is the highest common factor of 2 and r?
1
Let k = 0 - -12. Let g(l) = l**3 - 12*l**2 + l + 1. Let z be g(k). What is the highest common factor of z and 26?
13
Let o be 15/2 + 12/(-8). What is the greatest common factor of o and 30?
6
Let s(n) = -n**3 - 10*n**2 + 7*n - 20. Let a be s(-11). What is the greatest common divisor of 168 and a?
24
Let z(g) be the first derivative of g**4/4 + g**3 - 9*g**2/2 - 9*g + 4. Let w be z(-6). Let k = w + 108. Calculate the greatest common factor of 15 and k.
15
Suppose 3*q = b + 9 - 3, -3*q + 12 = -3*b. Let l be 66*(1/q)/2. Suppose 3*v + 3*i - 9 = 0, -2*v + 9 = v + 2*i. What is the greatest common factor of v and l?
3
Suppose -l + 0 = q - 2, 0 = 2*l - q - 4. Suppose l*c = c + 18. Let g be 2/1 + (c - -1). What is the greatest common factor of 14 and g?
7
Let j = 2 - 0. Let r = j + 1. Suppose -r*c = 15, -i + 5*c + 25 + 54 = 0. Calculate the highest common divisor of 9 and i.
9
Let g = 0 - -56. Suppose -o - o - g = -4*n, 56 = 5*n + o. Calculate the greatest common factor of 30 and n.
6
Suppose 2*r - 4*r + 66 = 3*k, -82 = -3*r + 4*k. What is the greatest common factor of r and 5?
5
Let q(v) = 20*v**2 + 3*v - 1. Let s be q(1). Calculate the greatest common factor of s and 2.
2
Let d = -4 + 7. Calculate the greatest common factor of 15 and d.
3
Let w(y) = 5*y**2 + 1. Let x be w(1). Let m = 9 - x. Suppose -i = m*i - 24. What is the greatest common factor of 42 and i?
6
Let z(h) = -h - 5. Suppose 0 = 4*q - 5*q - 7. Let s be z(q). What is the greatest common divisor of s and 5?
1
Suppose 9 + 3 = 2*p. Suppose l + 2 = 3*y - 1, 3*y - 27 = -3*l. Calculate the greatest common factor of l and p.
6
Let i = 9 - -31. Let p = i - 23. Suppose -5*f = -3*l - 158, -4*l + 84 = 4*f - 2*f. Calculate the highest common factor of p and f.
17
Suppose -u = -5*t + 7, 6*u = u + 5*t + 25. Let a = 18 + -10. What is the highest common factor of a and u?
8
Let d(r) = 4*r + 92. Let f be d(-21). Let x = -1 + 73. Calculate the greatest common divisor of x and f.
8
Suppose -q + 16 = 3*k, 22 = 5*k - 0*q + 4*q. What is the highest common divisor of k and 15?
3
Suppose 13*r = -r + 322. What is the highest common divisor of r and 23?
23
Suppose 11*c = 39 - 6. Calculate the greatest common divisor of 111 and c.
3
Let v(c) be the second derivative of -c**5/20 - c**4/12 + 35*c**2/2 - c. Let z be v(0). Calculate the highest common factor of 7 and z.
7
Let d(q) be the first derivative of q**4/4 - 4*q**3/3 - 3*q**2 + 7*q - 1. Let z = -14 - -19. Let u be d(z). Calculate the highest common factor of u and 2.
2
Let a = -37 + 42. What is the highest common divisor of 5 and a?
5
Let o(t) = -t + 17. Let j be o(13). Let m(f) = -5*f + 3*f + 1 + 3*f + 3. Let z be m(j). Calculate the greatest common factor of 16 and z.
8
Suppose 3*q - 621 = 24. What is the greatest common factor of 43 and q?
43
Suppose 4*w + w - 20 = 0. Suppose 5*r = s + 2*s - 16, s + w*r + 6 = 0. Calculate the greatest common factor of s and 2.
2
Suppose -2*c + 39 - 5 = 0. What is the highest common divisor of 136 and c?
17
Let s = 1 + 4. Suppose 0 = s*j - 4*h - 4, -j + 5 = 5*h - 19. Calculate the greatest common factor of j and 32.
4
Let l be ((-2)/6)/((-5)/120). Calculate the highest common factor of 8 and l.
8
Suppose -2*u = -3*u - 4*l - 2, 5*u = -l + 28. Suppose 16 - u = 5*k. Let n be (-980)/(-45) + (-2)/(-9). What is the greatest common factor of n and k?
2
Suppose 2*h - 10 = 0, -3*b = -4*b - 5*h + 53. Let f(q) = 2*q**2 - 4. Let r be f(3). What is the greatest common divisor of b and r?
14
Suppose -3*v - 6 = -v. Let x be ((-3)/(-1) - v)/1. Calculate the greatest common factor of 3 and x.
3
Suppose 2 = -2*v + 3*i, 3 = -3*v - 10*i + 5*i. Suppose 2*k + 0 + 6 = 0. Let y be (k/9)/(v/12). Calculate the highest common divisor of y and 20.
4
Suppose 7*m + 7 = x + 2*m, -2*m - 47 = -3*x. What is the greatest common divisor of 153 and x?
17
Let j(n) = -n**3 - 19*n**2 - 22*n - 36. Let c be j(-18). What is the highest common factor of c and 4?
4
Suppose -113 = -2*c - 5*k, -167 = -3*c - 0*c - 5*k. What is the greatest common divisor of 6 and c?
6
Let z be 0 + -1 + -1 + 3. Let c(l) = l**3 - 7*l**2 - 10*l + 17. Let x be c(8). Let p be 43 - (2 - x/z). Calculate the highest common divisor of 28 and p.
14
Suppose